 of 5786340 and 2617860.
9660
Calculate the highest common divisor of 55638990 and 69660.
3870
Calculate the highest common divisor of 55 and 371765.
5
What is the greatest common factor of 198539726 and 2093?
161
What is the greatest common divisor of 176612842 and 59?
59
Calculate the highest common divisor of 61961394 and 1254.
1254
Calculate the greatest common divisor of 6955432 and 2486.
22
What is the greatest common divisor of 8876 and 880943?
2219
What is the greatest common divisor of 216 and 69036192?
216
What is the highest common factor of 850 and 143414720?
170
What is the highest common factor of 3768556 and 363?
11
Calculate the highest common factor of 25974 and 25613694.
666
Calculate the highest common factor of 11208 and 876499224.
11208
What is the highest common factor of 440 and 1649896?
8
Calculate the greatest common factor of 46530 and 3243900.
330
Calculate the highest common divisor of 5022 and 1580580.
54
Calculate the greatest common factor of 26 and 283849774.
26
What is the highest common factor of 52245 and 29475?
45
What is the greatest common divisor of 58 and 6822917?
29
What is the greatest common factor of 5719395 and 43860?
255
What is the greatest common divisor of 32 and 58677120?
32
What is the highest common divisor of 38 and 137674?
38
What is the highest common factor of 5589030 and 114?
6
Calculate the greatest common divisor of 2234418 and 10332.
246
Calculate the highest common factor of 291641 and 219051.
427
What is the highest common divisor of 1419 and 114603471?
129
Calculate the greatest common factor of 82 and 757203211.
41
Calculate the highest common divisor of 328718194 and 14.
14
What is the highest common divisor of 27127614 and 102?
102
Calculate the highest common divisor of 986182 and 3152.
394
Calculate the greatest common factor of 725 and 112971675.
725
Calculate the highest common divisor of 11408264 and 93982.
1918
Calculate the greatest common divisor of 289506 and 1142.
2
Calculate the greatest common divisor of 18600 and 370450.
1550
What is the highest common factor of 15915 and 303?
3
Calculate the highest common divisor of 2255479 and 1634.
43
What is the highest common divisor of 109075 and 28025?
25
What is the highest common factor of 1592 and 194598916?
796
What is the greatest common factor of 1469 and 7320651?
13
Calculate the greatest common divisor of 138 and 31717878.
6
Calculate the highest common factor of 13017348 and 486.
162
Calculate the greatest common factor of 2595695 and 209840.
215
What is the highest common factor of 56440 and 20856240?
3320
What is the highest common divisor of 1298479 and 800527?
1729
Calculate the greatest common divisor of 36 and 9797040.
36
What is the highest common factor of 1740 and 16509700?
580
Calculate the greatest common factor of 1728 and 3859392.
192
What is the highest common factor of 613816 and 254140?
388
Calculate the highest common factor of 51 and 96847946.
17
Calculate the greatest common factor of 1909458 and 12384.
774
What is the highest common factor of 4420185 and 113475?
1335
Calculate the highest common factor of 770185 and 4305.
205
Calculate the highest common divisor of 923 and 132600.
13
What is the highest common factor of 6311030 and 220?
110
Calculate the highest common divisor of 288 and 20620062.
18
What is the greatest common divisor of 169063723 and 971?
971
Calculate the highest common factor of 76699352 and 22912.
1432
Calculate the highest common factor of 596 and 15554855.
149
Calculate the highest common divisor of 24953520 and 394256.
9616
What is the greatest common divisor of 88 and 12059883?
11
What is the highest common divisor of 5408 and 277587232?
5408
What is the greatest common factor of 545153167 and 1027?
1027
What is the highest common factor of 524595720 and 88?
88
What is the greatest common factor of 98843906 and 56?
14
Calculate the greatest common factor of 39 and 2953451943.
39
What is the highest common factor of 261049 and 4496?
281
Calculate the highest common factor of 7707 and 6379194.
1101
Calculate the highest common divisor of 1558287 and 90537.
309
What is the greatest common divisor of 32991087 and 29526?
2109
Calculate the highest common divisor of 1800 and 162985995.
45
Calculate the greatest common divisor of 114414 and 318.
6
Calculate the highest common factor of 436 and 13022339.
109
What is the highest common factor of 1530 and 571230?
90
Calculate the greatest common divisor of 51198 and 203.
7
Calculate the greatest common divisor of 41511 and 916878.
303
What is the greatest common divisor of 38508 and 13707?
3
Calculate the highest common factor of 3467902 and 472.
118
What is the greatest common factor of 50156651 and 1082?
541
Calculate the highest common factor of 16379628 and 66.
6
What is the highest common factor of 4076533 and 59261?
3119
Calculate the greatest common divisor of 16005876 and 24.
12
Calculate the greatest common divisor of 6 and 925918.
2
What is the highest common divisor of 2909809 and 133?
7
Calculate the greatest common factor of 114 and 7091997.
57
What is the greatest common divisor of 41859114 and 246?
246
What is the highest common factor of 10518 and 136056?
6
What is the greatest common divisor of 85650 and 211930?
10
What is the highest common factor of 8 and 89910076?
4
Calculate the highest common divisor of 1420 and 26504.
4
Calculate the highest common factor of 4 and 5172716.
4
Calculate the highest common divisor of 333892685 and 4396.
1099
Calculate the greatest common divisor of 460 and 53844035.
115
Calculate the greatest common factor of 6555 and 9815457.
1311
What is the highest common divisor of 43 and 73810?
1
What is the greatest common factor of 22092585 and 1551?
141
Calculate the highest common divisor of 1385614 and 66349.
1543
Calculate the greatest common divisor of 169614 and 6629604.
2094
Calculate the greatest common factor of 490 and 49656670.
70
What is the greatest common divisor of 27782229 and 48990?
4899
Calculate the greatest common factor of 60130070 and 231.
77
Calculate the greatest common divisor of 2823717 and 117.
39
What is the greatest common divisor of 394402 and 1079998?
3686
What is the highest common divisor of 181888 and 43384?
232
Calculate the greatest common factor of 493805510 and 809.
809
What is the greatest common factor of 95870132 and 14032?
3508
What is the highest common divisor of 4825794 and 1264?
158
What is the highest common factor of 5672 and 4294413?
709
What is the highest common divisor of 6748107 and 236354?
2003
What is the highest common divisor of 866230 and 206?
206
What is the highest common factor of 1858 and 107361743?
929
What is the greatest common divisor of 24091788 and 12?
12
What is the highest common divisor of 21822512 and 1488?
496
What is the highest common divisor of 2316480 and 1530240?
960
Calculate the highest common factor of 1110 and 4093350.
30
Calculate the highest common factor of 4581115 and 1155.
385
Calculate the highest common factor of 272052 and 133736.
916
Calculate the greatest common divisor of 76198672 and 68123.
6193
What is the greatest common divisor of 93168 and 8224?
16
What is the highest common divisor of 10994416 and 3?
1
What is the highest common divisor of 56 and 548673076?
28
Calculate the highest common factor of 7728 and 508668.
276
What is the highest common factor of 1112 and 44808040?
1112
Calculate the greatest common divisor of 73297 and 755762.
259
Calculate the highest common divisor of 50579 and 2812.
37
Calculate the highest common divisor of 117 and 62802261.
9
Calculate the highest common factor of 4744 and 119380388.
2372
Calculate the highest common divisor of 2492754 and 4334.
22
What is the greatest common divisor of 39236293 and 5276?
1319
What is the highest common factor of 394448 and 14596?
356
What is the highest common factor of 34305 and 49395?
15
What is the greatest common divisor of 30714959 and 253?
253
Calculate the highest common factor of 35 and 23622935.
35
What is the greatest common divisor of 931383 and 120456?
2151
What is the highest common factor of 202775232 and 22512?
3216
Calculate the highest common factor of 39777870 and 88.
22
What is the highest common fact